{"id":23,"date":"2018-08-02T16:29:23","date_gmt":"2018-08-02T14:29:23","guid":{"rendered":"https:\/\/pv-prutting-vogtareuth.de\/kindergarten-zaisering\/?page_id=23"},"modified":"2023-12-21T11:13:27","modified_gmt":"2023-12-21T10:13:27","slug":"oeffnungszeiten","status":"publish","type":"page","link":"https:\/\/pv-prutting-vogtareuth.de\/kindergarten-zaisering\/oeffnungszeiten\/","title":{"rendered":"\u00d6ffnungszeiten"},"content":{"rendered":"<p style=\"text-align: center\">Der Kindergarten St. Vitus ist eine familienerg\u00e4nzende und -unterst\u00fctzende Einrichtung.<\/p>\n<p style=\"text-align: center\">Unsere \u00d6ffnungszeiten sind nach dem Bedarf der Eltern und Familien angepasst,<\/p>\n<p style=\"text-align: center\">der j\u00e4hrlich in Form von eine Elternabfrage ermittelt wird.<\/p>\n<p style=\"text-align: center\">Alle Kinder die l\u00e4nger als 13.00 Uhr in unserer Einrichtung sind, bekommen ein warmes Mittagessen.<\/p>\n<p style=\"text-align: center\">Zus\u00e4tzlich nutzen wir das staatlich gef\u00f6rderte Angebot des Schulobstes.<\/p>\n<p style=\"text-align: center\">Montag bis Freitag: 7:30 Uhr bis 15:00 Uhr<br \/>Bringzeit t\u00e4glich: 7:30 Uhr bis 8:30 Uhr<br \/>Abholzeit t\u00e4glich: 11:45 Uhr bis 12:00 Uhr und ab 13:00 Uhr<br \/><strong>P\u00e4dagogische Kernzeit: 8:30 Uhr bis 11:45 Uhr<\/strong><\/p>\n<p style=\"text-align: center\">An einigen Nachmittagen bieten wir zus\u00e4tzlich verschiedene Projekte an.<\/p>\n<h2 style=\"text-align: center\">Ferienzeiten und Schlie\u00dftage 2024<\/h2>\n<p style=\"text-align: center\">Unsere Einrichtung hat maximal 30 Schlie\u00dftage pro Jahr.<\/p>\n<p style=\"text-align: center\">Dar\u00fcber kann die Einrichtung an bis zu 5 weiteren Tagen im Jahr<\/p>\n<p style=\"text-align: center\">f\u00fcr Teamfortbildungen geschlossen werden.<\/p>\n<p style=\"text-align: center\"><strong>Schlie\u00dfzeiten:<\/strong><\/p>\n<p style=\"text-align: center\"><strong>Weihnachten 2023: 27.12.2023 bis 05.01.2024<\/strong><\/p>\n<p style=\"text-align: center\"><strong>Pfingstferien 2024: 27.05. bis 31.05.2024<\/strong><\/p>\n<p style=\"text-align: center\"><strong>Sommer 2024: 10.08. bis 30.08.2024<\/strong><\/p>\n<p style=\"text-align: center\"><strong>Weihnachten 2024: 23.12. bis 2025<\/strong><\/p>\n<p dir=\"LTR\" style=\"text-align: center\" align=\"LEFT\"><strong>An den folgenden Tagen ist der Kindergarten zus\u00e4tzlich ganzt\u00e4gig geschlossen:<\/strong><\/p>\n<p dir=\"LTR\" style=\"text-align: center\" align=\"LEFT\"><strong>Teamtag: <\/strong><\/p>\n<p dir=\"LTR\" style=\"text-align: center\" align=\"LEFT\">26.01.2024<\/p>\n<p dir=\"LTR\" style=\"text-align: center\" align=\"LEFT\">16.02.2024 Betriebsausflug<\/p>\n<p dir=\"LTR\" style=\"text-align: center\" align=\"LEFT\">23.04.2024<\/p>\n<p dir=\"LTR\" style=\"text-align: center\" align=\"LEFT\">02.09.2024<\/p>\n<p dir=\"LTR\" align=\"LEFT\">\u00a0<\/p>\n<p style=\"text-align: center\"><strong>Anmerkungen: <\/strong>Weitere Schlie\u00dftage zwecks Teamfortbildungen sind m\u00f6glich<\/p>\n<p style=\"text-align: center\">und werden fr\u00fchzeitig schriftlich bekannt gegeben.<\/p>\n\n\n<p><strong>Weitere Termine: <\/strong><\/p>\n\n\n\n<p><\/p>\n\n\n\n<p>&#8230;.<\/p>\n\n\n\n<p><\/p>\n","protected":false},"excerpt":{"rendered":"<p>Der Kindergarten St. Vitus ist eine familienerg\u00e4nzende und -unterst\u00fctzende Einrichtung. Unsere \u00d6ffnungszeiten sind nach dem Bedarf der Eltern und Familien angepasst, der j\u00e4hrlich in Form von eine Elternabfrage ermittelt wird. Alle Kinder die l\u00e4nger als 13.00 Uhr in unserer Einrichtung sind, bekommen ein warmes Mittagessen. Zus\u00e4tzlich nutzen wir das staatlich gef\u00f6rderte Angebot des Schulobstes. Montag [&hellip;]<\/p>\n","protected":false},"author":68,"featured_media":0,"parent":0,"menu_order":0,"comment_status":"closed","ping_status":"closed","template":"","meta":{"footnotes":""},"class_list":["post-23","page","type-page","status-publish","hentry","post"],"_links":{"self":[{"href":"https:\/\/pv-prutting-vogtareuth.de\/kindergarten-zaisering\/wp-json\/wp\/v2\/pages\/23","targetHints":{"allow":["GET"]}}],"collection":[{"href":"https:\/\/pv-prutting-vogtareuth.de\/kindergarten-zaisering\/wp-json\/wp\/v2\/pages"}],"about":[{"href":"https:\/\/pv-prutting-vogtareuth.de\/kindergarten-zaisering\/wp-json\/wp\/v2\/types\/page"}],"author":[{"embeddable":true,"href":"https:\/\/pv-prutting-vogtareuth.de\/kindergarten-zaisering\/wp-json\/wp\/v2\/users\/68"}],"replies":[{"embeddable":true,"href":"https:\/\/pv-prutting-vogtareuth.de\/kindergarten-zaisering\/wp-json\/wp\/v2\/comments?post=23"}],"version-history":[{"count":22,"href":"https:\/\/pv-prutting-vogtareuth.de\/kindergarten-zaisering\/wp-json\/wp\/v2\/pages\/23\/revisions"}],"predecessor-version":[{"id":350,"href":"https:\/\/pv-prutting-vogtareuth.de\/kindergarten-zaisering\/wp-json\/wp\/v2\/pages\/23\/revisions\/350"}],"wp:attachment":[{"href":"https:\/\/pv-prutting-vogtareuth.de\/kindergarten-zaisering\/wp-json\/wp\/v2\/media?parent=23"}],"curies":[{"name":"wp","href":"https:\/\/api.w.org\/{rel}","templated":true}]}}